{"id":172,"date":"2024-01-05T17:18:50","date_gmt":"2024-01-05T17:18:50","guid":{"rendered":"https:\/\/darbissa.com\/?page_id=172"},"modified":"2024-01-05T17:18:50","modified_gmt":"2024-01-05T17:18:50","slug":"nuestro-blog","status":"publish","type":"page","link":"https:\/\/darbissa.com\/index.php\/nuestro-blog\/","title":{"rendered":"Nuestro Blog"},"content":{"rendered":"\n<p>Bienvenidos a nuestro blog, conoce m\u00e1s sobre nuestra empresa, experiencias, y productos.<\/p>\n\n\n\n<div class=\"wp-block-query is-layout-flow wp-block-query-is-layout-flow\"><ul class=\"wp-block-post-template is-layout-flow wp-block-post-template-is-layout-flow\"><li class=\"wp-block-post post-120 post type-post status-publish format-standard hentry category-uncategorized\">\n\n<div class=\"wp-block-columns are-vertically-aligned-center is-layout-flex wp-container-core-columns-is-layout-28f84493 wp-block-columns-is-layout-flex\">\n<div class=\"wp-block-column is-vertically-aligned-center is-layout-flow wp-block-column-is-layout-flow\" style=\"flex-basis:25%\"><\/div>\n\n\n\n<div class=\"wp-block-column is-vertically-aligned-center is-layout-flow wp-block-column-is-layout-flow\" style=\"flex-basis:75%\"><h2 class=\"wp-block-post-title\"><a href=\"https:\/\/darbissa.com\/index.php\/2023\/12\/27\/limites-tecnicos-en-el-procesamiento-de-frijol-nuna-y-oportunidades-de-crecimiento\/\" target=\"_self\" >L\u00edmites t\u00e9cnicos en el procesamiento de frijol \u00f1u\u00f1a y oportunidades de crecimiento<\/a><\/h2><\/div>\n<\/div>\n\n<\/li><li class=\"wp-block-post post-70 post type-post status-publish format-standard hentry category-uncategorized\">\n\n<div class=\"wp-block-columns are-vertically-aligned-center is-layout-flex wp-container-core-columns-is-layout-28f84493 wp-block-columns-is-layout-flex\">\n<div class=\"wp-block-column is-vertically-aligned-center is-layout-flow wp-block-column-is-layout-flow\" style=\"flex-basis:25%\"><\/div>\n\n\n\n<div class=\"wp-block-column is-vertically-aligned-center is-layout-flow wp-block-column-is-layout-flow\" style=\"flex-basis:75%\"><h2 class=\"wp-block-post-title\"><a href=\"https:\/\/darbissa.com\/index.php\/2023\/11\/06\/sembrar-nuna-es-cosechar-un-aliado-a-la-idi-de-productos-saludables\/\" target=\"_self\" >Sembrar \u00f1u\u00f1a es cosechar un aliado a la I+D+i de productos saludables<\/a><\/h2><\/div>\n<\/div>\n\n<\/li><li class=\"wp-block-post post-17 post type-post status-publish format-standard hentry category-uncategorized\">\n\n<div class=\"wp-block-columns are-vertically-aligned-center is-layout-flex wp-container-core-columns-is-layout-28f84493 wp-block-columns-is-layout-flex\">\n<div class=\"wp-block-column is-vertically-aligned-center is-layout-flow wp-block-column-is-layout-flow\" style=\"flex-basis:25%\"><\/div>\n\n\n\n<div class=\"wp-block-column is-vertically-aligned-center is-layout-flow wp-block-column-is-layout-flow\" style=\"flex-basis:75%\"><h2 class=\"wp-block-post-title\"><a href=\"https:\/\/darbissa.com\/index.php\/2023\/10\/30\/aperitivos-y-comidas-con-nuna-o-frijol-reventon-delicioso\/\" target=\"_self\" >Aperitivos y comidas con \u00f1u\u00f1a o frijol revent\u00f3n \u00a1Delicioso!<\/a><\/h2><\/div>\n<\/div>\n\n<\/li><li class=\"wp-block-post post-15 post type-post status-publish format-standard hentry category-uncategorized\">\n\n<div class=\"wp-block-columns are-vertically-aligned-center is-layout-flex wp-container-core-columns-is-layout-28f84493 wp-block-columns-is-layout-flex\">\n<div class=\"wp-block-column is-vertically-aligned-center is-layout-flow wp-block-column-is-layout-flow\" style=\"flex-basis:25%\"><\/div>\n\n\n\n<div class=\"wp-block-column is-vertically-aligned-center is-layout-flow wp-block-column-is-layout-flow\" style=\"flex-basis:75%\"><h2 class=\"wp-block-post-title\"><a href=\"https:\/\/darbissa.com\/index.php\/2023\/10\/30\/growing-and-harvesting-peruvian-popping-beans\/\" target=\"_self\" >Growing and Harvesting Peruvian Popping Beans<\/a><\/h2><\/div>\n<\/div>\n\n<\/li><li class=\"wp-block-post post-1 post type-post status-publish format-standard hentry category-uncategorized\">\n\n<div class=\"wp-block-columns are-vertically-aligned-center is-layout-flex wp-container-core-columns-is-layout-28f84493 wp-block-columns-is-layout-flex\">\n<div class=\"wp-block-column is-vertically-aligned-center is-layout-flow wp-block-column-is-layout-flow\" style=\"flex-basis:25%\"><\/div>\n\n\n\n<div class=\"wp-block-column is-vertically-aligned-center is-layout-flow wp-block-column-is-layout-flow\" style=\"flex-basis:75%\"><h2 class=\"wp-block-post-title\"><a href=\"https:\/\/darbissa.com\/index.php\/2023\/10\/29\/hello-world\/\" target=\"_self\" >\u00d1u\u00f1a o frijol revent\u00f3n,\u00bflo conoces?<\/a><\/h2><\/div>\n<\/div>\n\n<\/li><\/ul><\/div>\n","protected":false},"excerpt":{"rendered":"<p>Bienvenidos a nuestro blog, conoce m\u00e1s sobre nuestra empresa, experiencias, y productos.<\/p>\n","protected":false},"author":1,"featured_media":0,"parent":0,"menu_order":0,"comment_status":"closed","ping_status":"closed","template":"","meta":{"footnotes":""},"class_list":["post-172","page","type-page","status-publish","hentry"],"_links":{"self":[{"href":"https:\/\/darbissa.com\/index.php\/wp-json\/wp\/v2\/pages\/172","targetHints":{"allow":["GET"]}}],"collection":[{"href":"https:\/\/darbissa.com\/index.php\/wp-json\/wp\/v2\/pages"}],"about":[{"href":"https:\/\/darbissa.com\/index.php\/wp-json\/wp\/v2\/types\/page"}],"author":[{"embeddable":true,"href":"https:\/\/darbissa.com\/index.php\/wp-json\/wp\/v2\/users\/1"}],"replies":[{"embeddable":true,"href":"https:\/\/darbissa.com\/index.php\/wp-json\/wp\/v2\/comments?post=172"}],"version-history":[{"count":1,"href":"https:\/\/darbissa.com\/index.php\/wp-json\/wp\/v2\/pages\/172\/revisions"}],"predecessor-version":[{"id":173,"href":"https:\/\/darbissa.com\/index.php\/wp-json\/wp\/v2\/pages\/172\/revisions\/173"}],"wp:attachment":[{"href":"https:\/\/darbissa.com\/index.php\/wp-json\/wp\/v2\/media?parent=172"}],"curies":[{"name":"wp","href":"https:\/\/api.w.org\/{rel}","templated":true}]}}